{"id":846,"date":"2016-12-03T17:00:15","date_gmt":"2016-12-03T16:00:15","guid":{"rendered":"http:\/\/www.lamaeng-brasserie.de\/soest\/?page_id=10"},"modified":"2023-04-17T14:25:32","modified_gmt":"2023-04-17T12:25:32","slug":"speisen-getraenke-2","status":"publish","type":"page","link":"https:\/\/www.lamaeng-brasserie.de\/soest\/speisen-getraenke-2\/","title":{"rendered":"Fr\u00fchst\u00fcck"},"content":{"rendered":"\n<section id=\"builder-section-1481628222208\" class=\"builder-section-first builder-section builder-section-banner builder-section-next-text\" style=\"background-repeat: repeat; background-position: center center;\">\n<div class=\"builder-section-content\">\n<div class=\"builder-banner-slide content-position-none\" style=\"background-color: #ededed;\">\n<div class=\"builder-banner-content\">\n<div class=\"builder-banner-inner-content\">\n<h1>Fr\u00fchst\u00fcck im Lam\u00e4ng<\/h1>\n<p>&nbsp;<\/p>\n<\/div>\n<p>&nbsp;<\/p>\n<\/div>\n<p>&nbsp;<\/p>\n<\/div>\n<p>&nbsp;<\/p>\n<\/div>\n<\/section>\n\n\n\n<section id=\"builder-section-1481551099313\" class=\"builder-section-prev-banner builder-section builder-section-text builder-section-next-banner builder-text-columns-1\" style=\"background-repeat: repeat; background-position: center center;\">\n<div class=\"builder-section-content\">\n<div class=\"builder-text-row\">\n<div id=\"builder-section-1481551099313-column-1\" class=\"builder-text-column builder-text-column-1\">\n<div class=\"builder-text-content\">\n<p>Liebe G\u00e4ste,<\/p><br>\n<p>wir m\u00f6chten Ihnen mitteilen, dass wir uns entschieden haben, unser Fr\u00fchst\u00fccksangebot nachhaltiger zu gestalten. Aufgrund der Menge an \u00fcbriggebliebenen Lebensmitteln auf unserem Buffet haben wir uns dazu entschlossen, ab sofort nur noch ein Fr\u00fchst\u00fcck a la Carte anzubieten oder Ihnen ein kleines \u201eprivates\u201c Buffet an Ihrem Tisch mit einer Etagere zu servieren.<\/p>\n<p>Wir m\u00f6chten damit nicht nur unseren Beitrag zum Umweltschutz leisten, sondern auch sicherstellen, dass Sie nur frische und hochwertige Zutaten erhalten. Wir sind davon \u00fcberzeugt, dass diese neue Art des Fr\u00fchst\u00fccks eine besondere kulinarische Erfahrung f\u00fcr Sie sein wird.<\/p>\n<p>Wir hoffen auf Ihr Verst\u00e4ndnis und freuen uns darauf, Sie bald bei uns begr\u00fc\u00dfen zu d\u00fcrfen, um Ihnen unser neues, nachhaltiges Fr\u00fchst\u00fcck zu pr\u00e4sentieren. \u2013 Herzlichst, Ihr Lam\u00e4ng-Team.<\/p>\n<p>&nbsp;Falls Sie einen Tisch f\u00fcr ein Fr\u00fchst\u00fcck reservieren m\u00f6chten, rufen Sie uns gerne unter Tel. 02921 | 767283 an oder schreiben uns eine E-Mail an: lamaeng-soest@burgos-gruppe.de<\/p>\n<p>Ge\u00f6ffnet haben wir f\u00fcr Sie jeden Tag ab 9 Uhr.<\/p>\n<h5 style=\"text-align: center;\"><a class=\"buttonbox\" href=\"https:\/\/www.lamaeng-brasserie.de\/soest\/kontakt\/reservierung\/\" target=\"_blank\" rel=\"noopener\">Hier geht es direkt zur Reservierung<br><\/a><\/h5>\n<\/div>\n<\/div>\n<p>&nbsp;<\/p>\n<p>&nbsp;<\/p>\n<div id=\"builder-section-1481551099313-column-1\" class=\"builder-text-column builder-text-column-1\">\n<p>&nbsp;<\/p>\n<\/div>\n<\/div>\n<\/div>\n<\/section>\n\n\n\n<section id=\"builder-section-1481232786756\" class=\"builder-section-prev-banner builder-section builder-section-text builder-section-last builder-text-columns-2 layout-6\" style=\"background-repeat: repeat; background-position: center center;\">\n<div class=\"builder-section-content\">\n<div class=\"builder-text-row\">\n<div id=\"builder-section-1481232786756-column-2\" class=\"builder-text-column builder-text-column-2\">\n<div class=\"builder-text-content\">\n<p>&nbsp;<\/p>\n<p>&nbsp;<\/p>\n<\/div>\n<p>&nbsp;<\/p>\n<\/div>\n<p>&nbsp;<\/p>\n<\/div>\n<p>&nbsp;<\/p>\n<\/div>\n<\/section>\n","protected":false},"excerpt":{"rendered":"<p>Fr\u00fchst\u00fcck im Lam\u00e4ng &nbsp; &nbsp; &nbsp; &nbsp; Liebe G\u00e4ste, wir m\u00f6chten Ihnen mitteilen, dass wir uns entschieden haben, unser Fr\u00fchst\u00fccksangebot nachhaltiger zu gestalten. Aufgrund der Menge an \u00fcbriggebliebenen Lebensmitteln auf unserem Buffet haben wir uns dazu entschlossen, ab sofort nur noch ein Fr\u00fchst\u00fcck a la Carte anzubieten oder Ihnen ein kleines \u201eprivates\u201c Buffet an Ihrem &hellip;<\/p>\n","protected":false},"author":1,"featured_media":0,"parent":0,"menu_order":1,"comment_status":"closed","ping_status":"closed","template":"template-builder.php","meta":{"ngg_post_thumbnail":0},"_links":{"self":[{"href":"https:\/\/www.lamaeng-brasserie.de\/soest\/wp-json\/wp\/v2\/pages\/846"}],"collection":[{"href":"https:\/\/www.lamaeng-brasserie.de\/soest\/wp-json\/wp\/v2\/pages"}],"about":[{"href":"https:\/\/www.lamaeng-brasserie.de\/soest\/wp-json\/wp\/v2\/types\/page"}],"author":[{"embeddable":true,"href":"https:\/\/www.lamaeng-brasserie.de\/soest\/wp-json\/wp\/v2\/users\/1"}],"replies":[{"embeddable":true,"href":"https:\/\/www.lamaeng-brasserie.de\/soest\/wp-json\/wp\/v2\/comments?post=846"}],"version-history":[{"count":7,"href":"https:\/\/www.lamaeng-brasserie.de\/soest\/wp-json\/wp\/v2\/pages\/846\/revisions"}],"predecessor-version":[{"id":856,"href":"https:\/\/www.lamaeng-brasserie.de\/soest\/wp-json\/wp\/v2\/pages\/846\/revisions\/856"}],"wp:attachment":[{"href":"https:\/\/www.lamaeng-brasserie.de\/soest\/wp-json\/wp\/v2\/media?parent=846"}],"curies":[{"name":"wp","href":"https:\/\/api.w.org\/{rel}","templated":true}]}}

Frühstück

<section id="builder-section-1481628222208" class="builder-section-first builder-section builder-section-banner builder-section-next-text" style="background-repeat: repeat; background-position: center center;">
<div class="builder-section-content">
<div class="builder-banner-slide content-position-none" style="background-color: #ededed;">
<div class="builder-banner-content">
<div class="builder-banner-inner-content">
<h1>Frühstück im Lamäng</h1>
<p>&nbsp;</p>
</div>
<p>&nbsp;</p>
</div>
<p>&nbsp;</p>
</div>
<p>&nbsp;</p>
</div>
</section>



<section id="builder-section-1481551099313" class="builder-section-prev-banner builder-section builder-section-text builder-section-next-banner builder-text-columns-1" style="background-repeat: repeat; background-position: center center;">
<div class="builder-section-content">
<div class="builder-text-row">
<div id="builder-section-1481551099313-column-1" class="builder-text-column builder-text-column-1">
<div class="builder-text-content">
<p>Liebe Gäste,</p><br>
<p>wir möchten Ihnen mitteilen, dass wir uns entschieden haben, unser Frühstücksangebot nachhaltiger zu gestalten. Aufgrund der Menge an übriggebliebenen Lebensmitteln auf unserem Buffet haben wir uns dazu entschlossen, ab sofort nur noch ein Frühstück a la Carte anzubieten oder Ihnen ein kleines „privates“ Buffet an Ihrem Tisch mit einer Etagere zu servieren.</p>
<p>Wir möchten damit nicht nur unseren Beitrag zum Umweltschutz leisten, sondern auch sicherstellen, dass Sie nur frische und hochwertige Zutaten erhalten. Wir sind davon überzeugt, dass diese neue Art des Frühstücks eine besondere kulinarische Erfahrung für Sie sein wird.</p>
<p>Wir hoffen auf Ihr Verständnis und freuen uns darauf, Sie bald bei uns begrüßen zu dürfen, um Ihnen unser neues, nachhaltiges Frühstück zu präsentieren. – Herzlichst, Ihr Lamäng-Team.</p>
<p>&nbsp;Falls Sie einen Tisch für ein Frühstück reservieren möchten, rufen Sie uns gerne unter Tel. 02921 | 767283 an oder schreiben uns eine E-Mail an: lamaeng-soest@burgos-gruppe.de</p>
<p>Geöffnet haben wir für Sie jeden Tag ab 9 Uhr.</p>
<h5 style="text-align: center;"><a class="buttonbox" href="https://www.lamaeng-brasserie.de/soest/kontakt/reservierung/" target="_blank" rel="noopener">Hier geht es direkt zur Reservierung<br></a></h5>
</div>
</div>
<p>&nbsp;</p>
<p>&nbsp;</p>
<div id="builder-section-1481551099313-column-1" class="builder-text-column builder-text-column-1">
<p>&nbsp;</p>
</div>
</div>
</div>
</section>



<section id="builder-section-1481232786756" class="builder-section-prev-banner builder-section builder-section-text builder-section-last builder-text-columns-2 layout-6" style="background-repeat: repeat; background-position: center center;">
<div class="builder-section-content">
<div class="builder-text-row">
<div id="builder-section-1481232786756-column-2" class="builder-text-column builder-text-column-2">
<div class="builder-text-content">
<p>&nbsp;</p>
<p>&nbsp;</p>
</div>
<p>&nbsp;</p>
</div>
<p>&nbsp;</p>
</div>
<p>&nbsp;</p>
</div>
</section>

<p>Frühstück im Lamäng &nbsp; &nbsp; &nbsp; &nbsp; Liebe Gäste, wir möchten Ihnen mitteilen, dass wir uns entschieden haben, unser Frühstücksangebot nachhaltiger zu gestalten. Aufgrund der Menge an übriggebliebenen Lebensmitteln auf unserem Buffet haben wir uns dazu entschlossen, ab sofort nur noch ein Frühstück a la Carte anzubieten oder Ihnen ein kleines „privates“ Buffet an Ihrem &hellip;</p>
