{"id":38,"date":"2016-12-03T17:10:47","date_gmt":"2016-12-03T16:10:47","guid":{"rendered":"http:\/\/www.lamaeng-brasserie.de\/soest\/?page_id=38"},"modified":"2018-05-21T08:52:26","modified_gmt":"2018-05-21T06:52:26","slug":"datenschutzhinweise","status":"publish","type":"page","link":"https:\/\/www.lamaeng-brasserie.de\/soest\/datenschutzhinweise\/","title":{"rendered":"Datenschutzerkl\u00e4rung"},"content":{"rendered":"<section id=\"builder-section-1481815544407\" class=\"builder-section-first builder-section builder-section-banner builder-section-next-text\" style=\"background-repeat: repeat;background-position: center center;\">\n<div class=\"builder-section-content\">\n<div class=\"builder-banner-slide content-position-none\" style=\"background-color:#ededed;\">\n<div class=\"builder-banner-content\">\n<div class=\"builder-banner-inner-content\">\n<h1 style=\"text-align: center;\">Datenschutzerkl\u00e4rung<\/h1>\n<p>&nbsp;<\/p>\n<\/p><\/div>\n<\/p><\/div>\n<\/p><\/div>\n<\/p><\/div>\n<\/section>\n<section id=\"builder-section-1481815583420\" class=\"builder-section-prev-banner builder-section builder-section-text builder-section-last builder-text-columns-1\" style=\"background-repeat: repeat;background-position: center center;\">\n<div class=\"builder-section-content\">\n<div class=\"builder-text-row\">\n<div class=\"builder-text-column builder-text-column-1\" id=\"builder-section-1481815583420-column-1\">\n<div class=\"builder-text-content\">\n<section id=\"builder-section-1481815583420\" class=\"builder-section builder-section-prev-banner builder-section-text builder-section-last builder-text-columns-1\">\n<div class=\"builder-section-content\">\n<div id=\"builder-section-1481815583420-column-1\" class=\"builder-text-column builder-text-column-1\">\n<div class=\"builder-text-content\">\n<section id=\"builder-section-1483440611009\" class=\"builder-section builder-section-prev-banner builder-section-text builder-section-last builder-text-columns-1\">\n<div class=\"builder-section-content\">&nbsp;<p>&nbsp;<\/p> \r\n                                                          \r\n                                            <div class=\"janolaw-paragraph\">\r\n\t\t\t\t\t\t\t\t<\/div>\r\n\t\t\t\t                    \r\n                            \r\n                       \r\n                                   \r\n                            \r\n                                            <div class=\"janolaw-paragraph\">\r\n\t\t\t\t &sect; 1 Allgemeines\t\t\t\t<\/div>\r\n\t\t\t\t\t\t\t\t<div class=\"janolaw-text\">\r\n                   \r\n                    <p>Ihre personenbezogenen Daten (z.B. Anrede, Name, Anschrift, E-Mail-Adresse, Telefonnummer) werden von uns nur gem&auml;&szlig; den Bestimmungen des deutschen Datenschutzrechts und des Datenschutzrechts der Europ&auml;ischen Union (EU) verarbeitet. Die nachfolgenden Vorschriften informieren Sie neben den Verarbeitungszwecken, Rechtsgrundlagen, Empf&auml;ngern, Speicherfristen auch &uuml;ber Ihre Rechte und den Verantwortlichen f&uuml;r Ihre Datenverarbeitung. Diese Datenschutzerkl&auml;rung bezieht sich nur auf unsere Websites. Falls Sie &uuml;ber Links auf unseren Seiten auf andere Seiten weitergeleitet werden, informieren Sie sich bitte dort &uuml;ber den jeweiligen Umgang mit Ihren Daten.<\/p>\r\n\t\t\t\t\t<p>&nbsp;<\/p>\r\n                <\/div>\r\n\t\t\t\t            \r\n                       \r\n                                   \r\n                            \r\n                                            <div class=\"janolaw-paragraph\">\r\n\t\t\t\t &sect; 2 Kontaktaufnahme\t\t\t\t<\/div>\r\n\t\t\t\t\t\t\t\t<div class=\"janolaw-text\">\r\n                   \r\n                    <p><strong>(1) Verarbeitungszweck<\/strong><\/p>\r\n<p>Ihre personenbezogenen Daten, die Sie uns per E-Mail, Kontaktformular etc. zur Verf&uuml;gung stellen, verarbeiten wir zur Beantwortung und Erledigung Ihrer Anfragen. Sie sind nicht verpflichtet, uns Ihre personenbezogenen Daten bereitzustellen. Aber ohne Mitteilung Ihrer E-Mail-Adresse k&ouml;nnen wir Ihnen auch nicht per E-Mail antworten.<\/p>\r\n<p><strong>(2) Rechtsgrundlagen<\/strong><\/p>\r\n<p>a) Sollten Sie uns eine ausdr&uuml;ckliche Einwilligung zur Verarbeitung Ihrer Daten gegeben haben, ist Art.6 Abs.1a) DSGVO die Rechtsgrundlage f&uuml;r diese Verarbeitung.<\/p>\r\n<p>b) Sollten wir Ihre Daten zur Durchf&uuml;hrung vorvertraglicher Ma&szlig;nahmen verarbeiten, ist Art.6 Abs.1b) DSGVO die Rechtsgrundlage.<\/p>\r\n<p>c) In allen anderen F&auml;llen (insbesondere bei Nutzung eines Kontaktformulars) ist Art.6 Abs.1f) DSGVO die Rechtsgrundlage.<\/p>\r\n<p><strong>WIDERSPRUCHSRECHT: Sie haben das Recht, der Datenverarbeitung, die auf der Grundlage des Art.6 Abs.1f) DSGVO erfolgt und nicht der Direktwerbung dient, aus Gr&uuml;nden, die sich aus Ihrer besonderen Situation ergeben, jederzeit zu widersprechen.<\/strong><\/p>\r\n<p><strong>Im Falle der Direktwerbung k&ouml;nnen Sie der Verarbeitung hingegen ohne Angabe von Gr&uuml;nden jederzeit widersprechen. <\/strong><\/p>\r\n<p><strong>(3) Berechtigtes Interesse<\/strong><\/p>\r\n<p>Unser berechtigtes Interesse an der Verarbeitung besteht darin, mit Ihnen auf schnellem Wege zu kommunizieren und Ihre Anfragen kosteng&uuml;nstig zu beantworten. Wenn Sie uns Ihre Anschrift mitteilen, behalten wir uns vor, diese f&uuml;r postalische Direktwerbung zu verwenden. Ihr Interesse am Datenschutz k&ouml;nnen Sie durch eine sparsame Datenweitergabe (z.B. Verwendung eines Pseudonyms) wahren.<\/p>\r\n<p><strong>(4) Empf&auml;ngerkategorien<\/strong><\/p>\r\n<p>Hostinganbieter, Versanddienstleister bei Direktwerbung<\/p>\r\n<p><strong>(5) Speicherdauer<\/strong><\/p>\r\n<p>Ihre Daten werden gel&ouml;scht, wenn sich aus den Umst&auml;nden entnehmen l&auml;sst, dass Ihre Anfrage bzw. der betroffene Sachverhalt abschlie&szlig;end gekl&auml;rt ist.<\/p>\r\n<p>Falls es jedoch zu einem Vertragsschluss kommt, werden die nach Handels- und Steuerrecht erforderlichen Daten von uns f&uuml;r die gesetzlich bestimmten Zeitr&auml;ume aufbewahrt, also regelm&auml;&szlig;ig zehn Jahre (vgl. &sect;257 HGB, &sect;147 AO).<\/p>\r\n<p><strong>(6) Widerrufsrecht<\/strong><\/p>\r\n<p>Sie haben im Fall der Verarbeitung aufgrund Ihrer Einwilligung das Recht, Ihre Einwilligung jederzeit zu widerrufen.<\/p>\r\n\t\t\t\t\t<p>&nbsp;<\/p>\r\n                <\/div>\r\n\t\t\t\t            \r\n                       \r\n                                   \r\n                            \r\n                                            <div class=\"janolaw-paragraph\">\r\n\t\t\t\t &sect; 3 Kommentare\t\t\t\t<\/div>\r\n\t\t\t\t\t\t\t\t<div class=\"janolaw-text\">\r\n                   \r\n                    <p><strong>(1) Verarbeitungszweck<\/strong><\/p>\r\n<p>Es besteht die M&ouml;glichkeit einen Kommentar zu verfassen. Ihre Daten (z.B. Name\/Pseudonym, E-Mail-Adresse, Website) werden dann nur f&uuml;r den Zweck der Ver&ouml;ffentlichung Ihres Kommentars verarbeitet.<\/p>\r\n<p><strong>(2) Rechtsgrundlage<\/strong><\/p>\r\n<p>Rechtsgrundlage f&uuml;r diese Verarbeitung ist Art.6 Abs.1f) DSGVO.<\/p>\r\n<p><strong>(3) Berechtigtes Interesse<\/strong><\/p>\r\n<p>Unser berechtigtes Interesse ist der &ouml;ffentliche Austausch von Nutzermeinungen zu bestimmten Themen und Produkten. Die Ver&ouml;ffentlichung dient u.a. der Transparenz und Meinungsbildung. Ihr Interesse am Datenschutz bleibt gewahrt, da Sie Ihren Kommentar unter einem Pseudonym ver&ouml;ffentlichen k&ouml;nnen.<\/p>\r\n<p><strong>(4) Speicherdauer<\/strong><\/p>\r\n<p>Eine bestimmte Speicherdauer ist nicht vorgesehen. Sie k&ouml;nnen jederzeit die L&ouml;schung Ihres Kommentars verlangen.<\/p>\r\n<p><strong>(5) <\/strong><strong> WIDERSPRUCHSRECHT<\/strong><\/p>\r\n<p><strong>Sie haben das Recht, der Datenverarbeitung die auf der Grundlage des Art.6 Abs.1f) DSGVO erfolgt und nicht der Direktwerbung dient aus Gr&uuml;nden, die sich aus Ihrer besonderen Situation ergeben, jederzeit zu widersprechen.<\/strong><\/p>\r\n<p><strong>Im Falle der Direktwerbung k&ouml;nnen Sie der Verarbeitung hingegen ohne Angabe von Gr&uuml;nden jederzeit widersprechen.<\/strong><\/p>\r\n\t\t\t\t\t<p>&nbsp;<\/p>\r\n                <\/div>\r\n\t\t\t\t            \r\n                       \r\n                                   \r\n                            \r\n                                            <div class=\"janolaw-paragraph\">\r\n\t\t\t\t &sect; 4 Informationen &uuml;ber Cookies\t\t\t\t<\/div>\r\n\t\t\t\t\t\t\t\t<div class=\"janolaw-text\">\r\n                   \r\n                    <p><strong>(1) Verarbeitungszweck<\/strong><\/p>\r\n<p>Auf dieser Webseite werden technisch notwendige Cookies eingesetzt. Es handelt sich dabei um kleine Textdateien, die in bzw. von Ihrem Internetbrowser auf Ihrem Computersystem nicht dauerhaft gespeichert werden und nur der Funktionsf&auml;higkeit der Webseite dienen.<\/p>\r\n<p>Andere Cookies bleiben dauerhaft und erkennen Ihren Browser beim n&auml;chsten Besuch wieder, um die Benutzerfreundlichkeit der Webseite zu erh&ouml;hen.<\/p>\r\n<p><strong>(2) Rechtsgrundlage<\/strong><\/p>\r\n<p>Rechtsgrundlage f&uuml;r diese Verarbeitung ist Art. 6 Abs.1 a) DSGVO.<\/p>\r\n<p>Die nachstehende Einwilligung zum Cookie-Einsatz auf unserer Seite haben Sie ggf. ausdr&uuml;cklich erteilt:<\/p>\r\n<p><Akzeptieren><\/Akzeptieren><\/p>\r\n<p><strong>(3) Speicherdauer<\/strong><\/p>\r\n<p>Die technisch notwendigen Cookies werden im Regelfall mit dem Schlie&szlig;en des Browsers gel&ouml;scht. Dauerhaft gespeicherte Cookies haben eine unterschiedlich lange Lebensdauer von einigen Minuten bis zu mehreren Jahren.<\/p>\r\n<p><strong>(4) Widerrufsrecht<\/strong><\/p>\r\n<p>Falls Sie die Speicherung dieser Cookies nicht w&uuml;nschen, deaktivieren Sie bitte die Annahme dieser Cookies in Ihrem Internetbrowser. Dies kann aber eine Funktionseinschr&auml;nkung unserer Webseite zur Folge haben.<\/p>\r\n<p>Ihre Einwilligung in die dauerhafte Speicherung k&ouml;nnen Sie dadurch widerrufen, dass Sie die gespeicherten Cookies &uuml;ber Ihren Browser l&ouml;schen.<\/p>\r\n\t\t\t\t\t<p>&nbsp;<\/p>\r\n                <\/div>\r\n\t\t\t\t            \r\n                       \r\n                                   \r\n                            \r\n                                            <div class=\"janolaw-paragraph\">\r\n\t\t\t\t &sect; 5 Ihre Rechte als Betroffener\t\t\t\t<\/div>\r\n\t\t\t\t\t\t\t\t<div class=\"janolaw-text\">\r\n                   \r\n                    <p class=\"Paragraph\">Werden personenbezogene Daten von Ihnen verarbeitet, sind Sie Betroffener im Sinne der DSGVO und es stehen Ihnen folgende Rechte gegen&uuml;ber uns als Verantwortlichen zu:<\/p>\r\n<p><\/p>\r\n<p><\/p>\r\n<p class=\"Paragraph\"><strong>1. Recht auf Auskunft<\/strong><\/p>\r\n<p class=\"Paragraph\">Sie k&ouml;nnen im Rahmen des Art. 15 DSGVO Auskunft &uuml;ber Ihre von uns verarbeiteten personenbezogenen Daten verlangen.<\/p>\r\n<p class=\"Paragraph\"><\/p>\r\n<p class=\"Paragraph\"><strong>2. Recht auf Berichtigung<\/strong><\/p>\r\n<p class=\"Paragraph\">Sollten die Sie betreffenden Angaben nicht (mehr) zutreffend sein, k&ouml;nnen Sie nach Art. 16 DSGVO eine Berichtigung verlangen. Sollten Ihre Daten unvollst&auml;ndig sein, k&ouml;nnen Sie eine Vervollst&auml;ndigung verlangen.<\/p>\r\n<p class=\"Paragraph\"><\/p>\r\n<p class=\"Paragraph\"><strong>3. Recht auf L&ouml;schung<\/strong><\/p>\r\n<p class=\"Paragraph\">Sie k&ouml;nnen unter den Bedingungen des Art. 17 DSGVO die L&ouml;schung Ihrer personenbezogenen Daten verlangen.<\/p>\r\n<p class=\"Paragraph\"><\/p>\r\n<p class=\"Paragraph\"><strong>4. Recht auf Einschr&auml;nkung der Verarbeitung<\/strong><\/p>\r\n<p class=\"Paragraph\">Sie haben im Rahmen der Vorgaben des Art. 18 DSGVO das Recht, eine Einschr&auml;nkung der Verarbeitung der Sie betreffenden Daten zu verlangen.<\/p>\r\n<p class=\"Paragraph\"><\/p>\r\n<p class=\"Paragraph\"><strong>5. Recht auf Daten&uuml;bertragbarkeit<\/strong><\/p>\r\n<p class=\"Paragraph\">Sie haben nach Art. 20 DSGVO das Recht, die Sie betreffenden personenbezogenen Daten, die Sie uns bereitgestellt haben, in einem strukturierten, g&auml;ngigen und maschinenlesbaren Format zu erhalten oder die &Uuml;bermittlung an einen anderen Verantwortlichen zu verlangen.<\/p>\r\n<p class=\"Paragraph\"><\/p>\r\n<p class=\"Paragraph\"><strong>6. Recht auf Widerruf der datenschutzrechtlichen Einwilligungserkl&auml;rung<\/strong><\/p>\r\n<p class=\"Paragraph\">Sie haben nach Art. 7 Abs. 3 DSGVO das Recht, Ihre datenschutzrechtliche Einwilligungserkl&auml;rung jederzeit zu widerrufen. Die Rechtm&auml;&szlig;igkeit der aufgrund der Einwilligung bis zum Widerruf erfolgten Verarbeitung wird dadurch nicht ber&uuml;hrt.<\/p>\r\n<p class=\"Paragraph\"><\/p>\r\n<p class=\"Paragraph\"><strong>7. Recht auf Beschwerde bei einer Aufsichtsbeh&ouml;rde<\/strong><\/p>\r\n<p class=\"Paragraph\">Wenn Sie der Ansicht sind, dass die Verarbeitung der Sie betreffenden personenbezogenen Daten gegen die DSGVO verst&ouml;&szlig;t, steht Ihnen nach Art. 77 DSGVO das Recht auf Beschwerde bei einer Aufsichtsbeh&ouml;rde (insbesondere in dem Mitgliedstaat ihres Aufenthaltsorts, ihres Arbeitsplatzes oder des Orts des mutma&szlig;lichen Versto&szlig;es) zu.<\/p>\r\n<p class=\"Paragraph\"><strong><\/strong><\/p>\r\n<p class=\"Paragraph\"><br \/> <br \/><\/p>\r\n<p class=\"Paragraph\"><strong>Bitte beachten Sie auch Ihr Widerspruchsrecht nach Art. 21 DSGVO:<\/strong><\/p>\r\n<p class=\"Paragraph\"><\/p>\r\n<p class=\"Paragraph\"><strong>a) Allgemein: begr&uuml;ndeter Widerspruch erforderlich<\/strong><\/p>\r\n<p class=\"Paragraph\"><strong>Erfolgt die Verarbeitung Sie betreffender personenbezogener Daten <\/strong><\/p>\r\n<p class=\"Paragraph\"><strong>- zur Wahrung unseres &uuml;berwiegenden berechtigten Interesses (Rechtsgrundlage nach Art. 6 Abs. 1 f) DSGVO) oder<\/strong><\/p>\r\n<p class=\"Paragraph\"><strong>- im &ouml;ffentlichen Interesse (Rechtsgrundlage nach Art. 6 Abs. 1 e) DSGVO), <\/strong><\/p>\r\n<p class=\"Paragraph\"><strong>haben Sie das Recht, jederzeit aus Gr&uuml;nden, die sich aus Ihrer besonderen Situation ergeben, gegen die Verarbeitung Widerspruch einzulegen; dies gilt auch f&uuml;r ein auf die Bestimmungen der DSGVO gest&uuml;tztes Profiling.<\/strong><\/p>\r\n<p class=\"Paragraph\"><\/p>\r\n<p class=\"Paragraph\"><strong>Im Fall des Widerspruchs verarbeiten wir die Sie betreffenden personenbezogenen Daten nicht mehr, es sei denn, wir k&ouml;nnen zwingende schutzw&uuml;rdige Gr&uuml;nde f&uuml;r die Verarbeitung nachweisen, die Ihre Interessen, Rechte und Freiheiten &uuml;berwiegen, oder die Verarbeitung dient der Geltendmachung, Aus&uuml;bung oder Verteidigung von Rechtsanspr&uuml;chen.<\/strong><\/p>\r\n<p class=\"Paragraph\"><\/p>\r\n<p class=\"Paragraph\"><strong>b) Sonderfall Direktwerbung: einfacher Widerspruch gen&uuml;gt<\/strong><\/p>\r\n<p class=\"Paragraph\"><strong>Werden die Sie betreffenden personenbezogenen Daten verarbeitet, um Direktwerbung zu betreiben, haben Sie das Recht, jederzeit und ohne Angabe von Gr&uuml;nden Widerspruch gegen diese Verarbeitung einzulegen; dies gilt auch f&uuml;r das Profiling, soweit es mit solcher Direktwerbung in Verbindung steht.<\/strong><\/p>\r\n<p class=\"Paragraph\"><\/p>\r\n<p class=\"Paragraph\"><strong>Widersprechen Sie der Verarbeitung f&uuml;r Zwecke der Direktwerbung, so werden die Sie betreffenden personenbezogenen Daten nicht mehr f&uuml;r diese Zwecke verarbeitet.<\/strong><\/p>\r\n\t\t\t\t\t<p>&nbsp;<\/p>\r\n                <\/div>\r\n\t\t\t\t            \r\n                       \r\n                                \r\n                                                <div class=\"janolaw-paragraph\">\r\n\t\t\t\t\t\t\t\t\t\t<\/div>\r\n\t\t\t\t\t<div class=\"janolaw-text\">\r\n                        <p style=\"text-align: left;\"><strong>Verantwortlicher f&uuml;r die Datenverarbeitung:<\/strong><br \/>Burgos Luque Dienstleistungs GmbH<br \/>Waldweg 18<br \/>59590 Geseke<br \/>Telefon: 02942 9878068<br \/>info@burgos-gruppe.de<\/p>\r\n                    <\/div>\r\n                            \r\n                       \r\n                                \r\n                                                <div class=\"janolaw-paragraph\">\r\n\t\t\t\t\t\t\t\t\t\t<\/div>\r\n\t\t\t\t\t<div class=\"janolaw-text\">\r\n                        <p class=\"Paragraph\">Diese Datenschutzerkl&auml;rung wurde erstellt und wird aktualisiert mit der Technologie der <a href=\"https:\/\/www.datenschutz-janolaw.de\" target=\"_blank\" rel=\"noopener\">janolaw AG<\/a>.<\/p>\r\n                    <\/div>\r\n                            \r\n                       \r\n        \r\n<\/div>\n<\/section>\n<\/div>\n<\/div>\n<\/div>\n<div><a href=\"https:\/\/www.datenschutz-janolaw.de\/datenschutzerklaerung\/datenschutz-logo\/zertifikat\/index.html?shopId=1026065&amp;certificateId=8ad8e968a55640c5ba6aee00798532dd\" target=\"_blank\" rel=\"noopener\"><img src=\"https:\/\/www.datenschutz-janolaw.de\/export\/system\/modules\/de.janodaten.opencms.hibernate\/resources\/images\/logo\/janolaw_datenschutz_180x87.png\" alt=\" janoProtect Logo\" border=\"0\"><\/a><\/div>\n<\/section>\n<div>&nbsp;<\/div>\n<div>\n<p><strong>Google Maps <\/strong> <\/p>\n<p>Diese Webseite nutzt Google Maps zur Darstellung interaktiver Karten und zur Erstellung von Anfahrtsbeschreibungen. Google Maps ist ein Kartendienst von Google Inc., 1600 Amphitheatre Parkway, Mountain View, California 94043, USA. Durch die Nutzung von Google Maps k\u00f6nnen Informationen \u00fcber die Benutzung dieser Website einschlie\u00dflich Ihrer IP-Adresse und der im Rahmen der Routenplanerfunktion eingegebenen (Start-) Adresse an Google in den USA \u00fcbertragen werden Wenn Sie eine Webseite unseres Internetauftritts aufrufen, die Google Maps enth\u00e4lt, baut Ihr Browser eine direkte Verbindung mit den Servern von Google auf. Der Karteninhalt wird von Google direkt an Ihren Browser \u00fcbermittelt und von diesem in die Webseite eingebunden. Daher haben wir keinen Einfluss auf den Umfang der auf diese Weise von Google erhobenen Daten. Entsprechend unserem Kenntnisstand sind dies zumindest folgende Daten:<\/p>\n<ul>\n<li>Datum und Uhrzeit des Besuchs auf der betreffenden Webseite,<\/li>\n<li>Internetadresse oder URL der aufgerufenen Webseite,<\/li>\n<li>IP-Adresse,im Rahmen der Routenplanung eingegebene (Start-)Anschrift.<\/li>\n<\/ul>\n<p>Auf die weitere Verarbeitung und Nutzung der Daten durch Google haben wir keinen Einfluss und k\u00f6nnen daher hierf\u00fcr keine Verantwortung \u00fcbernehmen. <br \/> Wenn Sie nicht m\u00f6chten, dass Google \u00fcber unseren Internetauftritt Daten \u00fcber Sie erhebt, verarbeitet oder nutzt, k\u00f6nnen Sie in Ihrem Browsereinstellungen JavaScript deaktivieren. In diesem Fall k\u00f6nnen Sie die Kartenanzeige jedoch nicht nutzen. <br \/> Zweck und Umfang der Datenerhebung und die weitere Verarbeitung und Nutzung der Daten durch Google sowie Ihre diesbez\u00fcglichen Rechte und Einstellungsm\u00f6glichkeiten zum Schutz Ihrer Privatsph\u00e4re entnehmen Sie bitte den Datenschutzhinweisen von Google (<a href=\"https:\/\/policies.google.com\/privacy?hl=de\">https:\/\/policies.google.com\/privacy?hl=de<\/a>).<br \/> Durch die Nutzung unserer Webseite erkl\u00e4ren Sie sich mit der Bearbeitung der \u00fcber Sie erhobenen Daten durch Google Maps Routenplaner in der zuvor beschriebenen Art und Weise und zu dem zuvor benannten Zweck einverstanden.<\/p>\n<p>&nbsp;<\/p>\n<\/div><\/div>\n<\/p><\/div>\n<\/p><\/div>\n<\/p><\/div>\n<\/section>\n","protected":false},"excerpt":{"rendered":"<p>Datenschutzerkl\u00e4rung &nbsp; &nbsp; &nbsp; Google Maps Diese Webseite nutzt Google Maps zur Darstellung interaktiver Karten und zur Erstellung von Anfahrtsbeschreibungen. Google Maps ist ein Kartendienst von Google Inc., 1600 Amphitheatre Parkway, Mountain View, California 94043, USA. Durch die Nutzung von Google Maps k\u00f6nnen Informationen \u00fcber die Benutzung dieser Website einschlie\u00dflich Ihrer IP-Adresse und der im &hellip;<\/p>\n","protected":false},"author":1,"featured_media":0,"parent":0,"menu_order":8,"comment_status":"closed","ping_status":"closed","template":"template-builder.php","meta":{"ngg_post_thumbnail":0},"_links":{"self":[{"href":"https:\/\/www.lamaeng-brasserie.de\/soest\/wp-json\/wp\/v2\/pages\/38"}],"collection":[{"href":"https:\/\/www.lamaeng-brasserie.de\/soest\/wp-json\/wp\/v2\/pages"}],"about":[{"href":"https:\/\/www.lamaeng-brasserie.de\/soest\/wp-json\/wp\/v2\/types\/page"}],"author":[{"embeddable":true,"href":"https:\/\/www.lamaeng-brasserie.de\/soest\/wp-json\/wp\/v2\/users\/1"}],"replies":[{"embeddable":true,"href":"https:\/\/www.lamaeng-brasserie.de\/soest\/wp-json\/wp\/v2\/comments?post=38"}],"version-history":[{"count":7,"href":"https:\/\/www.lamaeng-brasserie.de\/soest\/wp-json\/wp\/v2\/pages\/38\/revisions"}],"predecessor-version":[{"id":721,"href":"https:\/\/www.lamaeng-brasserie.de\/soest\/wp-json\/wp\/v2\/pages\/38\/revisions\/721"}],"wp:attachment":[{"href":"https:\/\/www.lamaeng-brasserie.de\/soest\/wp-json\/wp\/v2\/media?parent=38"}],"curies":[{"name":"wp","href":"https:\/\/api.w.org\/{rel}","templated":true}]}}